ber?
True
Is 573030449 a prime number?
False
Is 1282450627 a prime number?
True
Is 88029835629 composite?
True
Is 461824513 a composite number?
False
Is 2995656709 composite?
True
Is 7931399491 composite?
True
Is 2982579647 composite?
False
Is 8487623479 composite?
False
Is 2115350903 composite?
True
Is 20231613829 composite?
True
Is 25238188291 a composite number?
True
Is 39170629877 composite?
False
Is 22010723153 a prime number?
True
Is 2149575707 a composite number?
False
Is 3880878817 a composite number?
False
Is 12127683857 a composite number?
True
Is 733398221 composite?
True
Is 98483381573 a composite number?
False
Is 496569679 prime?
True
Is 211678807 a composite number?
False
Is 1508074963 composite?
True
Is 4736326241 composite?
False
Is 958188983 a prime number?
False
Is 382768667 prime?
False
Is 4014341417 composite?
False
Is 43446438829 prime?
False
Is 144768839 composite?
False
Is 37898624941 a prime number?
True
Is 5306061083 prime?
False
Is 6850997 prime?
True
Is 36274193 a prime number?
False
Is 373756991 a composite number?
True
Is 130057349 a composite number?
True
Is 55039533 a prime number?
False
Is 1757507077 composite?
True
Is 55093085549 a composite number?
True
Is 6548857099 composite?
True
Is 5066871874 a prime number?
False
Is 85315443401 a composite number?
True
Is 698575121 composite?
False
Is 447195977 a prime number?
True
Is 336151890337 a prime number?
True
Is 98749341737 prime?
True
Is 2608064993 composite?
False
Is 1611680709 prime?
False
Is 49225322243 a prime number?
True
Is 236796755681 composite?
True
Is 8689582489 a prime number?
False
Is 12018725483 composite?
False
Is 130166527031 a prime number?
True
Is 36798635849 prime?
False
Is 2315037761 prime?
True
Is 74144104303 prime?
True
Is 19252657643 a prime number?
False
Is 450141761 a prime number?
True
Is 603041657 prime?
True
Is 6928209949 prime?
False
Is 26204869653 prime?
False
Is 3715559341 composite?
True
Is 525730493 a composite number?
False
Is 1458318109 a composite number?
False
Is 141021651 composite?
True
Is 739106227 prime?
False
Is 892703717 composite?
False
Is 93305451263 composite?
False
Is 10329139237 prime?
True
Is 319812070459 a composite number?
True
Is 35600693993 a composite number?
False
Is 2711828341 a composite number?
True
Is 3639510203 a composite number?
True
Is 57061009903 a composite number?
False
Is 3522768629 a prime number?
True
Is 1423043341 a prime number?
True
Is 23578807687 prime?
True
Is 17443879039 a composite number?
True
Is 2922958889 prime?
True
Is 154955538071 a prime number?
False
Is 679525801 a composite number?
False
Is 1149253169 a composite number?
False
Is 36220916821 composite?
False
Is 34362542149 composite?
True
Is 5403363761 a composite number?
False
Is 406205968543 composite?
True
Is 69565446259 a composite number?
True
Is 415628987 a prime number?
True
Is 4989132451 a composite number?
True
Is 21555015749 a prime number?
True
Is 1386252643 a prime number?
False
Is 10746070823 a prime number?
True
Is 567284869 composite?
True
Is 34023968689 a prime number?
True
Is 1613573537 a prime number?
False
Is 221054126 composite?
True
Is 4893435697 a composite number?
False
Is 317164961 prime?
True
Is 10738515037 composite?
False
Is 1507192471 a prime number?
False
Is 92339783 composite?
True
Is 3627398963 prime?
True
Is 187388291 a prime number?
False
Is 15042955771 a prime number?
True
Is 5717798969 a prime number?
False
Is 12545766677 prime?
True
Is 5211034891 composite?
False
Is 104277045035 composite?
True
Is 397214579 a prime number?
False
Is 2981486033 composite?
False
Is 389237417 composite?
False
Is 72738407271 prime?
False
Is 533369897 a composite number?
True
Is 5693525653 composite?
False
Is 38419495885 composite?
True
Is 1233032849 a prime number?
True
Is 10207423111 a composite number?
False
Is 5661999113 a prime number?
False
Is 1229785313 a prime number?
True
Is 33448144201 prime?
False
Is 10696691543 a prime number?
True
Is 90970283 a prime number?
False
Is 17571427931 composite?
True
Is 19875859571 composite?
False
Is 2542198199 prime?
False
Is 5452520741 a composite number?
True
Is 10875877829 a prime number?
True
Is 1951078079 a composite number?
True
Is 3477211258 composite?
True
Is 10308777119 a prime number?
True
Is 23443024717 a prime number?
False
Is 82805719 a composite number?
True
Is 967900589 composite?
True
Is 2442943297 prime?
False
Is 23127654871 prime?
False
Is 312172121 a prime number?
False
Is 9809094217 composite?
True
Is 1521322889 prime?
False
Is 17915959837 prime?
False
Is 2991638621 a composite number?
False
Is 7716842359 a composite number?
True
Is 66413252857 a composite number?
True
Is 1958683651 a prime number?
False
Is 87774062989 a composite number?
False
Is 855366091 prime?
False
Is 389723591 a composite number?
False
Is 36837995903 composite?
False
Is 5409615283 a prime number?
True
Is 12496968394 a prime number?
False
Is 3134372317 composite?
False
Is 126921101891 composite?
False
Is 44205015941 a prime number?
False
Is 40409869 prime?
True
Is 12968071477 composite?
False
Is 321007189 a prime number?
False
Is 8194376393 composite?
True
Is 146987999 composite?
False
Is 1528347809 a composite number?
False
Is 9602440411 composite?
False
Is 1938318351 composite?
True
Is 394183943 composite?
True
Is 9367578613 composite?
True
Is 407622617 a composite number?
True
Is 1015582147 prime?
True
Is 10187992591 prime?
False
Is 1113448093 a prime number?
True
Is 96529259 a composite number?
True
Is 553919567 a composite number?
True
Is 18406204063 composite?
True
Is 107458579 a composite number?
True
Is 11037594151 a prime number?
False
Is 666201239 a prime number?
False
Is 48027395194 composite?
True
Is 2249017955 a prime number?
False
Is 91073831 a prime number?
False
Is 89675448081 a composite number?
True
Is 966476003 a composite number?
True
Is 123687719 a composite number?
False
Is 766632991 composite?
False
Is 2140403165 composite?
True
Is 3785574329 composite?
False
Is 4583563979 a prime number?
True
Is 1520189789 prime?
False
Is 25756177877 composite?
False
Is 87370533389 a composite number?
True
Is 1297849229 composite?
True
Is 458410751 prime?
True
Is 7141047961 composite?
True
Is 1962737087 composite?
False
Is 3388566317 composite?
False
Is 978190559 prime?
False
Is 592884623 a composite number?
True
Is 193380037 composite?
True
Is 22382910707 composite?
False
Is 904946693 a prime number?
False
Is 16256234161 a prime number?
True
Is 41851946657 a composite number?
False
Is 37933290911 prime?
True
Is 5798019391 a composite number?
False
Is 126317777 composite?
True
Is 2588082311 a prime number?
True
Is 19762414979 a composite number?
False
Is 1432413485 a prime number?
False
Is 1471166329 a prime number?
False
Is 50788905413 a prime number?
False
Is 18391976203 prime?
True
Is 450353219 a prime number?
False
Is 4780588459 a composite number?
True
Is 1100784331 composite?
False
Is 99693522029 a composite number?
False
Is 15018219481 composite?
True
Is 16126001723 prime?
False
Is 6721742221 composite?
False
Is 81857431723 prime?
False
Is 30908599 prime?
True
Is 2406175543 a composite number?
False
Is 62457401 composite?
False
Is 103310223 a prime number?
False
Is 5765435969 a composite number?
True
Is 226462211 prime?
False
Is 4764342931 composite?
False
Is 7823038621 a composite number?
False
Is 75640551803 a prime number?
True
Is 929755091 a prime number?
True
Is 57144328303 a composite number?
False
Is 920212217 composite?
True
Is 123747373933 a prime number?
True
Is 525322139 composite?
True
Is 1675042097 prime?
False
Is 1992720467 a prime number?
False
Is 10806599381 a prime number?
False
Is 80622816827 a prime number?
False
Is 34403272789 composite?
True
Is 2463991087 a composite number?
False
Is 13096746239 a composite number?
False
Is 3248085847 a prime number?
True
Is 33659947007 a prime number?
False
Is 2262864133 prime?
False
Is 455062169 composite?
True
Is 41414767573 prime?
False
Is 207274390109 a prime number?
True
Is 827159401 a prime number?
False
Is 2775123331 a prime number?
True
Is 1782127957 a composite number?
False
Is 18333328169 composite?
True
Is 12826653859 a composite number?
False
Is 53490277 a prime number?
False
Is 109044990059 composi